{"id":1015,"date":"2023-11-20T21:01:29","date_gmt":"2023-11-20T21:01:29","guid":{"rendered":"https:\/\/we-care-hotels.local\/chambre\/chambre-aparthotel\/"},"modified":"2025-09-08T16:59:49","modified_gmt":"2025-09-08T16:59:49","slug":"aparthotel-voor-mensen-met-beperkte-mobiliteit-mv","status":"publish","type":"chambre","link":"https:\/\/casteauresort.be\/nl\/kamer\/aparthotel-voor-mensen-met-beperkte-mobiliteit-mv\/","title":{"rendered":"Aparthotel voor mensen met beperkte mobiliteit (MV)"},"content":{"rendered":"","protected":false},"featured_media":2708,"parent":0,"template":"","categories":[],"class_list":["post-1015","chambre","type-chambre","status-publish","has-post-thumbnail","hentry"],"acf":[],"yoast_head":"<!-- This site is optimized with the Yoast SEO plugin v24.7 - https:\/\/yoast.com\/wordpress\/plugins\/seo\/ -->\n<title>Aparthotel voor mensen met beperkte mobiliteit (MV) - WeCareHotels - Casteau<\/title>\n<meta name=\"description\" content=\"R\u00e9servez d\u00e8s maintenant votre chambre aparth\u00f4tel et profitez d&#039;un s\u00e9jour relaxant et pratique dans un environnement moderne.\" \/>\n<meta name=\"robots\" content=\"index, follow, max-snippet:-1, max-image-preview:large, max-video-preview:-1\" \/>\n<link rel=\"canonical\" href=\"https:\/\/casteauresort.be\/nl\/kamer\/aparthotel-voor-mensen-met-beperkte-mobiliteit-mv\/\" \/>\n<meta property=\"og:locale\" content=\"nl_NL\" \/>\n<meta property=\"og:type\" content=\"article\" \/>\n<meta property=\"og:title\" content=\"Aparthotel voor mensen met beperkte mobiliteit (MV) - WeCareHotels - Casteau\" \/>\n<meta property=\"og:description\" content=\"R\u00e9servez d\u00e8s maintenant votre chambre aparth\u00f4tel et profitez d&#039;un s\u00e9jour relaxant et pratique dans un environnement moderne.\" \/>\n<meta property=\"og:url\" content=\"https:\/\/casteauresort.be\/nl\/kamer\/aparthotel-voor-mensen-met-beperkte-mobiliteit-mv\/\" \/>\n<meta property=\"og:site_name\" content=\"WeCareHotels - Casteau\" \/>\n<meta property=\"article:modified_time\" content=\"2025-09-08T16:59:49+00:00\" \/>\n<meta property=\"og:image\" content=\"https:\/\/casteauresort.be\/wp-content\/uploads\/2023\/11\/IMG_7748-scaled.jpg\" \/>\n\t<meta property=\"og:image:width\" content=\"2560\" \/>\n\t<meta property=\"og:image:height\" content=\"1920\" \/>\n\t<meta property=\"og:image:type\" content=\"image\/jpeg\" \/>\n<meta name=\"twitter:card\" content=\"summary_large_image\" \/>\n<meta name=\"twitter:label1\" content=\"Geschatte leestijd\" \/>\n\t<meta name=\"twitter:data1\" content=\"1 minuut\" \/>\n<script type=\"application\/ld+json\" class=\"yoast-schema-graph\">{\"@context\":\"https:\/\/schema.org\",\"@graph\":[{\"@type\":\"WebPage\",\"@id\":\"https:\/\/casteauresort.be\/nl\/kamer\/aparthotel-voor-mensen-met-beperkte-mobiliteit-mv\/\",\"url\":\"https:\/\/casteauresort.be\/nl\/kamer\/aparthotel-voor-mensen-met-beperkte-mobiliteit-mv\/\",\"name\":\"Aparthotel voor mensen met beperkte mobiliteit (MV) - WeCareHotels - Casteau\",\"isPartOf\":{\"@id\":\"https:\/\/casteauresort.be\/nl\/#website\"},\"primaryImageOfPage\":{\"@id\":\"https:\/\/casteauresort.be\/nl\/kamer\/aparthotel-voor-mensen-met-beperkte-mobiliteit-mv\/#primaryimage\"},\"image\":{\"@id\":\"https:\/\/casteauresort.be\/nl\/kamer\/aparthotel-voor-mensen-met-beperkte-mobiliteit-mv\/#primaryimage\"},\"thumbnailUrl\":\"https:\/\/casteauresort.be\/wp-content\/uploads\/2023\/11\/IMG_7748-scaled.jpg\",\"datePublished\":\"2023-11-20T21:01:29+00:00\",\"dateModified\":\"2025-09-08T16:59:49+00:00\",\"description\":\"R\u00e9servez d\u00e8s maintenant votre chambre aparth\u00f4tel et profitez d'un s\u00e9jour relaxant et pratique dans un environnement moderne.\",\"breadcrumb\":{\"@id\":\"https:\/\/casteauresort.be\/nl\/kamer\/aparthotel-voor-mensen-met-beperkte-mobiliteit-mv\/#breadcrumb\"},\"inLanguage\":\"nl-NL\",\"potentialAction\":[{\"@type\":\"ReadAction\",\"target\":[\"https:\/\/casteauresort.be\/nl\/kamer\/aparthotel-voor-mensen-met-beperkte-mobiliteit-mv\/\"]}]},{\"@type\":\"ImageObject\",\"inLanguage\":\"nl-NL\",\"@id\":\"https:\/\/casteauresort.be\/nl\/kamer\/aparthotel-voor-mensen-met-beperkte-mobiliteit-mv\/#primaryimage\",\"url\":\"https:\/\/casteauresort.be\/wp-content\/uploads\/2023\/11\/IMG_7748-scaled.jpg\",\"contentUrl\":\"https:\/\/casteauresort.be\/wp-content\/uploads\/2023\/11\/IMG_7748-scaled.jpg\",\"width\":2560,\"height\":1920},{\"@type\":\"BreadcrumbList\",\"@id\":\"https:\/\/casteauresort.be\/nl\/kamer\/aparthotel-voor-mensen-met-beperkte-mobiliteit-mv\/#breadcrumb\",\"itemListElement\":[{\"@type\":\"ListItem\",\"position\":1,\"name\":\"Home\",\"item\":\"https:\/\/casteauresort.be\/nl\/\"},{\"@type\":\"ListItem\",\"position\":2,\"name\":\"Aparthotel voor mensen met beperkte mobiliteit (MV)\"}]},{\"@type\":\"WebSite\",\"@id\":\"https:\/\/casteauresort.be\/nl\/#website\",\"url\":\"https:\/\/casteauresort.be\/nl\/\",\"name\":\"WeCareHotels - Casteau\",\"description\":\"Hotel - Restaurant proche du SHAPE et de Pari Daiza\",\"potentialAction\":[{\"@type\":\"SearchAction\",\"target\":{\"@type\":\"EntryPoint\",\"urlTemplate\":\"https:\/\/casteauresort.be\/nl\/?s={search_term_string}\"},\"query-input\":{\"@type\":\"PropertyValueSpecification\",\"valueRequired\":true,\"valueName\":\"search_term_string\"}}],\"inLanguage\":\"nl-NL\"}]}<\/script>\n<!-- \/ Yoast SEO plugin. -->","yoast_head_json":{"title":"Aparthotel voor mensen met beperkte mobiliteit (MV) - WeCareHotels - Casteau","description":"R\u00e9servez d\u00e8s maintenant votre chambre aparth\u00f4tel et profitez d'un s\u00e9jour relaxant et pratique dans un environnement moderne.","robots":{"index":"index","follow":"follow","max-snippet":"max-snippet:-1","max-image-preview":"max-image-preview:large","max-video-preview":"max-video-preview:-1"},"canonical":"https:\/\/casteauresort.be\/nl\/kamer\/aparthotel-voor-mensen-met-beperkte-mobiliteit-mv\/","og_locale":"nl_NL","og_type":"article","og_title":"Aparthotel voor mensen met beperkte mobiliteit (MV) - WeCareHotels - Casteau","og_description":"R\u00e9servez d\u00e8s maintenant votre chambre aparth\u00f4tel et profitez d'un s\u00e9jour relaxant et pratique dans un environnement moderne.","og_url":"https:\/\/casteauresort.be\/nl\/kamer\/aparthotel-voor-mensen-met-beperkte-mobiliteit-mv\/","og_site_name":"WeCareHotels - Casteau","article_modified_time":"2025-09-08T16:59:49+00:00","og_image":[{"width":2560,"height":1920,"url":"https:\/\/casteauresort.be\/wp-content\/uploads\/2023\/11\/IMG_7748-scaled.jpg","type":"image\/jpeg"}],"twitter_card":"summary_large_image","twitter_misc":{"Geschatte leestijd":"1 minuut"},"schema":{"@context":"https:\/\/schema.org","@graph":[{"@type":"WebPage","@id":"https:\/\/casteauresort.be\/nl\/kamer\/aparthotel-voor-mensen-met-beperkte-mobiliteit-mv\/","url":"https:\/\/casteauresort.be\/nl\/kamer\/aparthotel-voor-mensen-met-beperkte-mobiliteit-mv\/","name":"Aparthotel voor mensen met beperkte mobiliteit (MV) - WeCareHotels - Casteau","isPartOf":{"@id":"https:\/\/casteauresort.be\/nl\/#website"},"primaryImageOfPage":{"@id":"https:\/\/casteauresort.be\/nl\/kamer\/aparthotel-voor-mensen-met-beperkte-mobiliteit-mv\/#primaryimage"},"image":{"@id":"https:\/\/casteauresort.be\/nl\/kamer\/aparthotel-voor-mensen-met-beperkte-mobiliteit-mv\/#primaryimage"},"thumbnailUrl":"https:\/\/casteauresort.be\/wp-content\/uploads\/2023\/11\/IMG_7748-scaled.jpg","datePublished":"2023-11-20T21:01:29+00:00","dateModified":"2025-09-08T16:59:49+00:00","description":"R\u00e9servez d\u00e8s maintenant votre chambre aparth\u00f4tel et profitez d'un s\u00e9jour relaxant et pratique dans un environnement moderne.","breadcrumb":{"@id":"https:\/\/casteauresort.be\/nl\/kamer\/aparthotel-voor-mensen-met-beperkte-mobiliteit-mv\/#breadcrumb"},"inLanguage":"nl-NL","potentialAction":[{"@type":"ReadAction","target":["https:\/\/casteauresort.be\/nl\/kamer\/aparthotel-voor-mensen-met-beperkte-mobiliteit-mv\/"]}]},{"@type":"ImageObject","inLanguage":"nl-NL","@id":"https:\/\/casteauresort.be\/nl\/kamer\/aparthotel-voor-mensen-met-beperkte-mobiliteit-mv\/#primaryimage","url":"https:\/\/casteauresort.be\/wp-content\/uploads\/2023\/11\/IMG_7748-scaled.jpg","contentUrl":"https:\/\/casteauresort.be\/wp-content\/uploads\/2023\/11\/IMG_7748-scaled.jpg","width":2560,"height":1920},{"@type":"BreadcrumbList","@id":"https:\/\/casteauresort.be\/nl\/kamer\/aparthotel-voor-mensen-met-beperkte-mobiliteit-mv\/#breadcrumb","itemListElement":[{"@type":"ListItem","position":1,"name":"Home","item":"https:\/\/casteauresort.be\/nl\/"},{"@type":"ListItem","position":2,"name":"Aparthotel voor mensen met beperkte mobiliteit (MV)"}]},{"@type":"WebSite","@id":"https:\/\/casteauresort.be\/nl\/#website","url":"https:\/\/casteauresort.be\/nl\/","name":"WeCareHotels - Casteau","description":"Hotel - Restaurant proche du SHAPE et de Pari Daiza","potentialAction":[{"@type":"SearchAction","target":{"@type":"EntryPoint","urlTemplate":"https:\/\/casteauresort.be\/nl\/?s={search_term_string}"},"query-input":{"@type":"PropertyValueSpecification","valueRequired":true,"valueName":"search_term_string"}}],"inLanguage":"nl-NL"}]}},"_links":{"self":[{"href":"https:\/\/casteauresort.be\/nl\/wp-json\/wp\/v2\/chambre\/1015","targetHints":{"allow":["GET"]}}],"collection":[{"href":"https:\/\/casteauresort.be\/nl\/wp-json\/wp\/v2\/chambre"}],"about":[{"href":"https:\/\/casteauresort.be\/nl\/wp-json\/wp\/v2\/types\/chambre"}],"wp:featuredmedia":[{"embeddable":true,"href":"https:\/\/casteauresort.be\/nl\/wp-json\/wp\/v2\/media\/2708"}],"wp:attachment":[{"href":"https:\/\/casteauresort.be\/nl\/wp-json\/wp\/v2\/media?parent=1015"}],"wp:term":[{"taxonomy":"category","embeddable":true,"href":"https:\/\/casteauresort.be\/nl\/wp-json\/wp\/v2\/categories?post=1015"}],"curies":[{"name":"wp","href":"https:\/\/api.w.org\/{rel}","templated":true}]}}

<!-- This site is optimized with the Yoast SEO plugin v24.7 - https://yoast.com/wordpress/plugins/seo/ -->
<title>Aparthotel voor mensen met beperkte mobiliteit (MV) - WeCareHotels - Casteau</title>
<meta name="description" content="Réservez dès maintenant votre chambre aparthôtel et profitez d&#039;un séjour relaxant et pratique dans un environnement moderne." />
<meta name="robots" content="index, follow, max-snippet:-1, max-image-preview:large, max-video-preview:-1" />
<link rel="canonical" href="https://casteauresort.be/nl/kamer/aparthotel-voor-mensen-met-beperkte-mobiliteit-mv/" />
<meta property="og:locale" content="nl_NL" />
<meta property="og:type" content="article" />
<meta property="og:title" content="Aparthotel voor mensen met beperkte mobiliteit (MV) - WeCareHotels - Casteau" />
<meta property="og:description" content="Réservez dès maintenant votre chambre aparthôtel et profitez d&#039;un séjour relaxant et pratique dans un environnement moderne." />
<meta property="og:url" content="https://casteauresort.be/nl/kamer/aparthotel-voor-mensen-met-beperkte-mobiliteit-mv/" />
<meta property="og:site_name" content="WeCareHotels - Casteau" />
<meta property="article:modified_time" content="2025-09-08T16:59:49+00:00" />
<meta property="og:image" content="https://casteauresort.be/wp-content/uploads/2023/11/IMG_7748-scaled.jpg" />
	<meta property="og:image:width" content="2560" />
	<meta property="og:image:height" content="1920" />
	<meta property="og:image:type" content="image/jpeg" />
<meta name="twitter:card" content="summary_large_image" />
<meta name="twitter:label1" content="Geschatte leestijd" />
	<meta name="twitter:data1" content="1 minuut" />
<script type="application/ld+json" class="yoast-schema-graph">{"@context":"https://schema.org","@graph":[{"@type":"WebPage","@id":"https://casteauresort.be/nl/kamer/aparthotel-voor-mensen-met-beperkte-mobiliteit-mv/","url":"https://casteauresort.be/nl/kamer/aparthotel-voor-mensen-met-beperkte-mobiliteit-mv/","name":"Aparthotel voor mensen met beperkte mobiliteit (MV) - WeCareHotels - Casteau","isPartOf":{"@id":"https://casteauresort.be/nl/#website"},"primaryImageOfPage":{"@id":"https://casteauresort.be/nl/kamer/aparthotel-voor-mensen-met-beperkte-mobiliteit-mv/#primaryimage"},"image":{"@id":"https://casteauresort.be/nl/kamer/aparthotel-voor-mensen-met-beperkte-mobiliteit-mv/#primaryimage"},"thumbnailUrl":"https://casteauresort.be/wp-content/uploads/2023/11/IMG_7748-scaled.jpg","datePublished":"2023-11-20T21:01:29+00:00","dateModified":"2025-09-08T16:59:49+00:00","description":"Réservez dès maintenant votre chambre aparthôtel et profitez d'un séjour relaxant et pratique dans un environnement moderne.","breadcrumb":{"@id":"https://casteauresort.be/nl/kamer/aparthotel-voor-mensen-met-beperkte-mobiliteit-mv/#breadcrumb"},"inLanguage":"nl-NL","potentialAction":[{"@type":"ReadAction","target":["https://casteauresort.be/nl/kamer/aparthotel-voor-mensen-met-beperkte-mobiliteit-mv/"]}]},{"@type":"ImageObject","inLanguage":"nl-NL","@id":"https://casteauresort.be/nl/kamer/aparthotel-voor-mensen-met-beperkte-mobiliteit-mv/#primaryimage","url":"https://casteauresort.be/wp-content/uploads/2023/11/IMG_7748-scaled.jpg","contentUrl":"https://casteauresort.be/wp-content/uploads/2023/11/IMG_7748-scaled.jpg","width":2560,"height":1920},{"@type":"BreadcrumbList","@id":"https://casteauresort.be/nl/kamer/aparthotel-voor-mensen-met-beperkte-mobiliteit-mv/#breadcrumb","itemListElement":[{"@type":"ListItem","position":1,"name":"Home","item":"https://casteauresort.be/nl/"},{"@type":"ListItem","position":2,"name":"Aparthotel voor mensen met beperkte mobiliteit (MV)"}]},{"@type":"WebSite","@id":"https://casteauresort.be/nl/#website","url":"https://casteauresort.be/nl/","name":"WeCareHotels - Casteau","description":"Hotel - Restaurant proche du SHAPE et de Pari Daiza","potentialAction":[{"@type":"SearchAction","target":{"@type":"EntryPoint","urlTemplate":"https://casteauresort.be/nl/?s={search_term_string}"},"query-input":{"@type":"PropertyValueSpecification","valueRequired":true,"valueName":"search_term_string"}}],"inLanguage":"nl-NL"}]}</script>
<!-- / Yoast SEO plugin. -->

Réservez dès maintenant votre chambre aparthôtel et profitez d'un séjour relaxant et pratique dans un environnement moderne.
